f 561 and 4059?
33
What is the greatest common factor of 754 and 232?
58
Calculate the highest common factor of 42362 and 354.
118
Calculate the greatest common factor of 6036 and 24.
12
Calculate the greatest common divisor of 6204 and 297.
33
Calculate the highest common factor of 1248 and 864.
96
Calculate the greatest common divisor of 23 and 14467.
23
What is the highest common divisor of 42 and 186?
6
What is the greatest common divisor of 35 and 20?
5
What is the greatest common factor of 136 and 24?
8
What is the highest common factor of 9540 and 360?
180
Calculate the greatest common divisor of 143 and 26.
13
Calculate the highest common divisor of 60 and 120.
60
Calculate the greatest common divisor of 1254 and 36.
6
What is the highest common factor of 4215 and 15?
15
Calculate the highest common factor of 2893 and 11.
11
Calculate the greatest common divisor of 7966 and 7.
7
What is the greatest common divisor of 130 and 104?
26
What is the highest common factor of 28 and 3878?
14
What is the highest common factor of 2 and 6?
2
What is the greatest common divisor of 434 and 2914?
62
What is the greatest common factor of 231 and 17633?
77
What is the highest common factor of 41 and 5?
1
Calculate the greatest common divisor of 24 and 348.
12
Calculate the greatest common factor of 108 and 12906.
54
Calculate the greatest common divisor of 85 and 565.
5
What is the greatest common factor of 1512 and 108?
108
What is the greatest common factor of 8364 and 123?
123
What is the highest common factor of 110 and 1474?
22
Calculate the greatest common divisor of 286 and 26.
26
What is the highest common factor of 29 and 58?
29
Calculate the greatest common factor of 46 and 23.
23
What is the highest common factor of 231 and 33?
33
Calculate the highest common divisor of 1591 and 37.
37
What is the greatest common divisor of 1292 and 476?
68
What is the highest common factor of 12 and 480?
12
Calculate the greatest common factor of 120 and 360.
120
Calculate the highest common divisor of 58 and 377.
29
Calculate the highest common factor of 366 and 18.
6
What is the greatest common divisor of 145 and 1363?
29
Calculate the greatest common factor of 46869 and 102.
51
Calculate the greatest common factor of 84 and 105.
21
What is the highest common divisor of 56 and 28?
28
What is the greatest common divisor of 98 and 1036?
14
Calculate the highest common divisor of 5480 and 160.
40
Calculate the greatest common factor of 8 and 6.
2
Calculate the highest common divisor of 144 and 32.
16
What is the greatest common divisor of 20 and 392?
4
What is the highest common divisor of 341 and 3080?
11
Calculate the greatest common factor of 69 and 1150.
23
Calculate the highest common divisor of 652 and 36.
4
What is the highest common factor of 10307 and 11?
11
Calculate the greatest common divisor of 158 and 4187.
79
Calculate the greatest common divisor of 1449 and 63.
63
Calculate the highest common divisor of 1100 and 1430.
110
What is the greatest common factor of 78 and 754?
26
Calculate the greatest common divisor of 27 and 45.
9
Calculate the highest common factor of 63 and 153.
9
What is the highest common factor of 12206 and 3231?
359
What is the greatest common divisor of 2144 and 4?
4
What is the greatest common divisor of 6520 and 80?
40
Calculate the highest common factor of 176 and 407.
11
What is the greatest common divisor of 4947 and 153?
51
Calculate the highest common factor of 192 and 2364.
12
Calculate the greatest common divisor of 3159 and 18.
9
What is the greatest common divisor of 847 and 2387?
77
Calculate the highest common factor of 48 and 16096.
16
What is the highest common divisor of 978 and 6?
6
What is the greatest common divisor of 143 and 299?
13
Calculate the highest common divisor of 385 and 1386.
77
What is the highest common factor of 160 and 96?
32
Calculate the highest common factor of 8 and 3064.
8
What is the greatest common divisor of 21389 and 73?
73
What is the highest common factor of 592 and 16?
16
What is the highest common factor of 108 and 204?
12
Calculate the highest common divisor of 160 and 128.
32
Calculate the greatest common divisor of 20 and 140.
20
What is the highest common factor of 2597 and 53?
53
What is the highest common factor of 250 and 2?
2
What is the greatest common divisor of 36 and 4356?
36
What is the greatest common factor of 2110 and 10?
10
Calculate the highest common factor of 1659 and 63.
21
What is the highest common divisor of 58 and 1247?
29
Calculate the greatest common factor of 3473 and 184.
23
Calculate the greatest common factor of 35 and 1120.
35
Calculate the greatest common divisor of 12 and 5436.
12
Calculate the highest common factor of 1148 and 328.
164
What is the greatest common factor of 596 and 1341?
149
Calculate the greatest common factor of 308 and 28.
28
What is the greatest common factor of 33 and 363?
33
Calculate the highest common factor of 406 and 522.
58
Calculate the greatest common factor of 184 and 115.
23
What is the greatest common divisor of 303 and 159?
3
Calculate the greatest common divisor of 86 and 2.
2
Calculate the greatest common divisor of 128 and 192.
64
Calculate the highest common divisor of 336 and 21.
21
What is the highest common factor of 334 and 7181?
167
Calculate the greatest common factor of 12562 and 22.
22
What is the highest common factor of 2322 and 27?
27
Calculate the greatest common divisor of 216 and 96.
24
What is the highest common factor of 528 and 12?
12
What is the greatest common factor of 213 and 3337?
71
Calculate the highest common factor of 1412 and 8.
4
Calculate the highest common factor of 400 and 125.
25
What is the highest common factor of 362 and 2?
2
Calculate the greatest common factor of 70 and 10.
10
Calculate the highest common factor of 22 and 21384.
22
Calculate the highest common divisor of 38684 and 76.
76
What is the highest common factor of 81 and 387?
9
What is the highest common factor of 351 and 52?
13
What is the highest common divisor of 15 and 285?
15
What is the greatest common factor of 1216 and 532?
76
Calculate the greatest common factor of 99 and 308.
11
Calculate the greatest common divisor of 2024 and 4600.
184
What is the greatest common factor of 10 and 530?
10
What is the greatest common factor of 15 and 54645?
15
Calculate the highest common factor of 108 and 918.
54
What is the highest common divisor of 46 and 146?
2
Calculate the highest common divisor of 70 and 315.
35
What is the highest common divisor of 31 and 496?
31
What is the highest common factor of 10 and 102?
2
What is the highest common factor of 468 and 29718?
234
Calculate the greatest common factor of 1360 and 2210.
170
What is the greatest common divisor of 4681 and 453?
151
What is the highest common factor of 14 and 56?
14
What is the highest common factor of 2 and 17?
1
What is the greatest common factor of 35 and 91?
7
Calculate the highest common divisor of 117 and 273.
39
Calculate the highest common divisor of 91 and 65.
13
Calculate the greatest common factor of 1227 and 12.
3
Calculate the highest common divisor of 220 and 1452.
44
What is the highest common divisor of 96 and 224?
32
Calculate the highest common divisor of 248 and 3348.
124
Calculate the greatest common divisor of 90 and 2.
2
Calculate the greatest common divisor of 20 and 8.
4
What is the greatest common factor of 10 and 45?
5
Calculate the highest common factor of 4 and 452.
4
Calculate the greatest common divisor of 237 and 7505.
79
What is the highest common factor of 3192 and 84?
84
Calculate the greatest common divisor of 50 and 1.
1
Calculate the highest common factor of 112 and 12.
4
What is the highest common factor of 74 and 592?
74
Calculate the highest common divisor of 355 and 20661.
71
What is the greatest common divisor of 37 and 2?
1
Calculate the highest common factor of 42876 and 108.
108
What is the greatest common factor of 140 and 455?
35
Calculate the greatest common divisor of 47 and 6721.
47
What is the highest common factor of 6670 and 3680?
230
What is the highest common factor of 657 and 9?
9
What is the highest common factor of 60 and 2780?
20
Calculate the greatest common divisor of 132 and